-6
What is the value of -2 + 22 - (63 - 65) - -1?
23
What is (-15 + 25 - 3) + -2?
5
31 + -6 + 0 + -11 - 18
-4
-8 + (3 - 0) + (-2 - -8 - 4)
-3
What is 8 - (-19 - -35 - 10)?
2
What is 15 + (-7 - 5) + 11 + -2 + -3?
9
What is the value of (-2 - 1) + -6 - (-266 + 275)?
-18
Calculate -16 - (-10 - (-1 + -1) - (8 + -14)).
-14
What is (-2 - (-1 + (5 - 3))) + 1?
-2
Calculate (1836 - 1868) + 2 + 40.
10
What is the value of -36 + (-25 - (-61 + 19))?
-19
What is the value of 19 - (48 + -17 + 10)?
-22
What is the value of -13 - -13 - -42 - 21?
21
(-12 - (1 - 3) - -9) + -2
-3
What is (3 - (0 + (7 - 11))) + -3?
4
Calculate -9 + 9 - (-7 + 2 - (2 - 4)).
3
What is the value of 27 + (2 + (-11 - (5 + -9)) - -1)?
23
Calculate 24 + -45 - (-3 + 0).
-18
Evaluate (-24 - (1 - 24)) + 20.
19
-6 + (37 - 33 - (0 + -13))
11
15 + (-1 - -5) + -5
14
Evaluate 16 + (7 - 10) - 17.
-4
What is 1 - -13 - (31 + 4 - 3)?
-18
8 + 101 + -105 + (1 - -5)
10
Evaluate 6 + (195 + -198 - (1 - -7 - 0)).
-5
What is the value of 5 - -24 - (3 + -3 - (-1 + -4))?
24
Calculate -7 + 19 + -10 + -6 + 12.
8
What is -112 + 97 + -1 + 4?
-12
What is -2 - ((-3 + 6 + -9 - -4) + 6)?
-6
3 + -5 - -11 - (13 - (5 - -15))
16
Evaluate -9 + (17 + -15 + 3 - (1 + 8)).
-13
What is (8 - 32) + 29 + 33?
38
What is (5 - 43) + (-105 - -149)?
6
What is the value of -1 - -28 - ((-42 - -35) + (6 - -6))?
22
-19 + 1 + 16 - 9 - (2 - 1)
-12
Evaluate -9 - (-30 + 59) - -23.
-15
Calculate 0 + 10 + 17 + -6.
21
What is the value of (-1 - -24) + -12 + (-6 - 1) + 12?
16
Calculate (-5 - 1) + -2 - -18.
10
Calculate 44 - 40 - (14 + -3).
-7
What is -2 + -1 + 7 + -7?
-3
What is the value of -36 + (-4 - -45) + 6?
11
-8 - (1 - 5 - (105 + -98))
3
What is -14 + 19 + 5 + -12 - (10 + -1)?
-11
What is -18 + (33 - (28 + -36))?
23
10 + -17 + 11 - (0 - 4)
8
What is the value of -18 - (-6 - -8) - -15?
-5
1 + 0 - -2 - (207 - 190)
-14
Evaluate -138 - -72 - (0 + -40).
-26
What is (-3 - -5) + (2 + 12 - -2) + -9?
9
Evaluate 28 - (-29 + -21 + 50).
28
Evaluate 2 + 15 - (9 - -10).
-2
What is the value of 81 + -11 + -22 - 35?
13
What is 10 + (6 - (11 - 4))?
9
Calculate 0 + -1 + 14 + -16.
-3
(9 - (-16 - -7 - -23)) + -5
-10
(-73 - -51) + (-2 - 0) + 16
-8
Calculate (3 - (1 + 7)) + (3 - 11 - -13).
0
Evaluate -3 - (2 + 9 - (-93 + 118)).
11
Calculate 14 - (3 - (-3 - 3)) - 30.
-25
Calculate (6 - -3 - 0) + -23 + -4.
-18
Evaluate (8 + 3 - 7) + (6 - -5).
15
66 + -85 + (12 - (3 + -7))
-3
What is -15 + 5 - (-10 + 7 + 13)?
-20
What is (1 + -6 + -2 - -14) + -1?
6
Calculate -1416 + 1445 + (6 - 1).
34
What is (16 - (-17 - -33)) + 16?
16
Calculate -10 + (-1 - (-7 + -13)).
9
Calculate 9 + (-4 + -3 - -5) + -8.
-1
-58 + 20 + -4 + 18
-24
What is the value of 662 + -655 + -15 + (-2 - -2)?
-8
What is 6 + 5 - (18 - (4 - -3))?
0
Evaluate -5 + -5 + 14 + -10 - 9.
-15
What is the value of 0 + -9 + (-22 - -65) + -25?
9
What is the value of (15 - 17) + (-3 - (1 - -2 - 3))?
-5
What is the value of (-2 - -33) + (-27 - -7)?
11
What is the value of (-4 - 3) + -4 + 6 + 2?
-3
Evaluate 7 - -5 - -27 - (16 - -1).
22
Evaluate -14 + 20 + (-4 - (-15 - -4 - -3)).
10
Evaluate (-15 - -23) + -27 + 7.
-12
-19 - (-21 - (-3 - 13))
-14
What is -15 - -57 - (-6 - 3 - -18)?
33
Evaluate 10 + -1 + 8 - 21.
-4
-2 + -1 + (0 + -16 - -6)
-13
What is the value of (3 + 4 - (7 + 1 + -13)) + -2?
10
21 + -12 + 7 + -17
-1
Evaluate -4 + (15 - 16 - (3 - -1)) + -4.
-13
What is the value of 17 + -4 + (142 - 145)?
10
What is the value of 10 + -9 - (-17 + 12)?
6
Evaluate 2 - (83 + -73 - (-1 - -27)).
18
Calculate (2 - (2 + -8)) + 62 + -70.
0
Evaluate 4 + (-25 - 0) + 19.
-2
-15 - -11 - (12 + -19)
3
What is -35 - 0 - (33 - 41)?
-27
Calculate (7 - -15) + -19 - (-2 - -2).
3
(-7 - -3) + 14 - (9 - 5 - 12)
18
Calculate 11 - (7 - (16 - (-5 + -3 - -11))).
17
What is 49 + (-43 - -70) + -53?
23
Evaluate -18 + (-42 - -53) + (-1 - 4).
-12
What is the value of -7 - 0 - (-38 - -24)?
7
What is the value of 0 + -1 + (-23 + 3 - (198 + -230))?
11
(-3 - (-2 - -1) - (52 - 52)) + 8
6
What is the value of 20 + -27 - (-3 - (3 + -6))?
-7
-7 + -4 - -8 - (-3 + 4)
-4
What is the value of (-8 - -1) + -14 + 21 + (-2 - -7)?
5
What is the value of (8 + (-11 - -16) - 8) + -3?
2
(121 - 38) + -61 - (-1 - -20)
3
-2 + (-2 - (11 - 10 - 5)) + 8
8
Calculate -1 + -3 + (16 + 2 - (-75 + 74)).
15
-50 + 45 + 11 - (-2 + 0 - 9)
17
What is the value of -6 - 7 - (-2 + (3 - (1 + 4)))?
-9
What is the value of -8 + (-125 - -128 - (-1 + 5)) + -11?
-20
What is 24 - (8 + 7) - -4?
13
Evaluate 11 + 13 + (-1 - 11).
12
Calculate -2 + (-2 - -3) - ((3 - 7) + 2).
1
What is the value of 4 + (-2 - (-19 - -10)) + -12?
-1
Calculate 0 - ((13 - 8) + -4 + 10).
-11
What is the value of -57 + (42 - 25) + 21?
-19
Evaluate (13 - -29 - 41) + -5 + 0.
-4
Evaluate -24 + (-6 - ((8 - 4) + -4 - 2)).
-28
What is the value of (2 - (0 + -2 + -1)) + -163 + 171?
13
What is -6 + 3 + (-12 - (1 - 7 - 0))?
-9
Calculate 5 - ((0 - 2) + (4 - 5) + -6).
14
What is the value of 4 + (-11 - (11 + -18)) + 16?
16
What is the value of -26 - ((3 - -10) + -14)?
-25
Calculate (-2 - 0) + (30 - 3) - (-37 + 39).
23
What is 4 - (-32 - (-25 - (13 + -25)))?
23
What is (3 - -4) + (-16 - -3)?
-6
What is -1 + 10 - (-48 + 41 + 5 + 0)?
11
Calculate -42 + (74 - (46 + -45)).
31
What is the value of (6 - 1) + (-25 - (2 + -15))?
-7
(5 - 9) + -11 - -26
11
Calculate -5 - (-9 + 7 + (14 - 7)).
-10
Calculate 18 + (5 - (-6 + 10 + (3 - -4))).
12
What is the value of -1 - (-3 + -1 - 4 - -16)?
-9
Calculate (-7 - (5 - 10 - 0)) + -10.
-12
Evaluate (203 - 210) + -4 + (4 - 3 - -2).
-8
Evaluate 81 - 86 - -7 - (-1 - (-1 + -10)).
-8
(2 - 12) + (97 - 96)
-9
What is the value of 0 + (-89 - -83 - (0 + -1)) - -19?
14
Calculate (-24 - -15 - -6) + -10.
-13
What is the value of 2 + 1 + (-1 + 27 + -11 - 11)?
7
1 - -24 - (37 - (5 - -24))
17
Calculate 9 - (1 + 1 + -1 - 4).
12
7 - ((-3 - -10) + (-15 - -7)) - 18
-10
Evaluate 13 + 36 + -22 + -33.
-6
17 + -23 + 15 + (-2 - -1) + -47
-39
-241 + 275 - (12 + -3 + 4)
21
9 - (1 + (16 - (-2 + -5)) + -9)
-6
(-35 - (15 + -9 - 18)) + (-8 - -6)
-25
Calculate (5 - 1 - -2) + 2 - 1 - 23.
-16
(-4 - -27) + -2 - (8 - 0)
13
Calculate (-2 - 0) + 237 + -236.
-1
Calculate (16 + -4 - 43) + 42.
11
(7 - 0 - 5) + (-1 + 4 - 0)
5
What is the value of 15 + -7 + -25 - -9?
-8
Evaluate 8 + (-23 - -8) - -3.
-4
Calculate (9 - 13) + 3 + 17.
16
Calculate 12 - 7 - 8 - -3.
0
Calculate 4 - (22 - (1 - -16)).
-1
Evaluate (642 - 623) + (-23 - 1).
-5
-266 + 281 + (-3 - (3 + 9))
0
-3 + -5 + (22 - 6) + (-20 - -9)
-3
Calculate (-21 - -19 - (1 + 3 + -4)) + 1.
-1
Evaluate -12 + 26 + 1 - 25.
-10
Evaluate (1 - 1 - (-4 - -4)) + -14 + 14.
0
What is the value of (3 - 4) + (4 - 7 - -4) + -3?
-3
2 + 10 - (5 - (9 + -13))
3
What is -5 - ((45 - 29) + -3 + (-2 - 0))?
-16
Calculate -34 + 24 + -8 - ((-7 - 0) + 3).
-14
What is (2 - -6) + 7 + 3 + -17 - 8?
-7
What is -9 + (7 - 8) + -11 + 15?
-6
What is 0 - (0 + 1) - (-6 - 18 - -18)?
5
What is the value of 32 + -18 + -49 + -5 + 12 + -1?
-29
Calculate -22 - -17 - (-1 + 4 + 2) - -21.
11
8 + 3 - (-29 + 16)
24
Evaluate -6 + 0 + (-35 - -19 - 4 - -21).
-5
Evaluate 33 + -73 + 39 + -3 + 24.
20
-2 + (-31 + 13 - -14)
-6
What is the value of -1 - -1 - (8 + 6 + (-2 - 4))?
-8
What is the value of -6 - (-9 - -22) - -11?
-8
What is -3 + -1 - (6 + (-2 - -5) + 2)?
-15
(-10 - -4) + -16 + 13
-9
(-46 - (6 + -18)) + 24
-10
Calculate -1 + 19 + -9 + 9 + -7.
11
16 + 2 + (-6 - -18)
30
Evaluate (9 - 14) + (2 - 18).
-21
What is the value of 15 + -1 + -7 + 6 + (11 - 9)?
15
2 + 0 - (70 + -28 + -33)
-7
What is the value of (1 - 3) + 1 - (7 - (6 - 13))?
-15
What is (57 + -43 - (16 + -3)) + 1?
2
-1 + 5 + (-44 - (-52 + 28))
-16
What is the value of -15 + 2 + 2 - (-8 - (28 - 39))?
-14
Calculate -56 - -17 - -53 - (-1 + 52).
-37
Evaluate (-1 + 3 - -1) + (-6 - 1) + -3.
-7
What is the value of -5 + (8 + -16 - -21)?
8
Calculate -12 - (-27 - 0) - 26.
-11
What is -42 + 24 - (-1 + -10 + (-3 - -6))?
-10
What is the value of 5 - ((-8 - -17) + (-4 - -5))?
-5
What is -133 - -144 - (10 - -1)?
0
Calculate -3 + -1 - (69 + (-121 - -13)).
35
Calculate -7 + -7 + -9 + 13 + 3.
-7
What is 7 + 5 + 9 + (-7 - 2)?
12
What is the value of 69 + 33 + 23 + -94?
31
Calculate -12 - -17 - (1 + (-13 - -5)).
12
Calculate -55 - 0 - (362 + -399).
-18
What is 6 - (3 - 14 - -7 - (5 - 1))?
14
Calculate 25 - (9